{"id":242,"date":"2021-01-02T02:40:09","date_gmt":"2021-01-02T02:40:09","guid":{"rendered":"http:\/\/www.enginyilmaz.av.tr\/?page_id=242"},"modified":"2021-01-02T03:14:14","modified_gmt":"2021-01-02T03:14:14","slug":"online-odeme","status":"publish","type":"page","link":"http:\/\/www.enginyilmaz.av.tr\/index.php\/online-odeme\/","title":{"rendered":"ONL\u0130NE \u00d6DEME"},"content":{"rendered":"\n<ul><li><strong>\u201cKredi Kart\u0131 ile \u00d6deme\u201d sayfas\u0131nda, kart bilgilerinizi girerek, \u00f6deme yapabilirsiniz.<\/strong><\/li><li><strong>\u00d6deme Sonucu ve Dekont sayfas\u0131na ula\u015farak \u00f6demeyi tamamlam\u0131\u015f olacaks\u0131n\u0131z.<\/strong><\/li><li><strong>Yapt\u0131\u011f\u0131n\u0131z \u00f6demeler ile ilgili olarak bizi mutlaka bilgilendiriniz.<\/strong><\/li><\/ul>\n\n\n\n<p>A\u015fa\u011f\u0131daki\u00a0<strong>E-Tahsilat<\/strong>\u00a0g\u00f6rseline t\u0131klayarak ve ilgili bilgileri doldurarak kredi kart\u0131n\u0131zla g\u00fcvenli bir \u015fekilde \u00f6demenizi ger\u00e7ekle\u015ftirebilirsiniz.\u00a0<strong>Elektronik Tahsilat Sistemi<\/strong>,\u00a0<strong>T\u00fcrkiye Barolar Birli\u011fi<\/strong>\u00a0taraf\u0131ndan avukatlara \u00f6nerilen online \u00f6deme sistemidir.<\/p>\n\n\n\n<div class=\"wp-container-1 wp-block-buttons\">\n<div class=\"wp-block-button\"><a class=\"wp-block-button__link has-text-color has-background\" href=\"https:\/\/pos.param.com.tr\/Tahsilat\/Default.aspx?k=17ad01c4-85a6-423a-b0c6-750ec67637ff\" style=\"border-radius:2px;background-color:#ba0c49;color:#fffffa\"><strong>ONL\u0130NE \u00d6DEME YAPMAK \u0130\u00c7\u0130N TIKLAYINIZ.<\/strong><\/a><\/div>\n<\/div>\n\n\n\n<div class=\"wp-container-2 wp-block-columns\"><\/div>\n","protected":false},"excerpt":{"rendered":"<p>\u201cKredi Kart\u0131 ile \u00d6deme\u201d sayfas\u0131nda, kart bilgilerinizi girerek, \u00f6deme yapabilirsiniz. \u00d6deme Sonucu ve Dekont sayfas\u0131na ula\u015farak \u00f6demeyi tamamlam\u0131\u015f olacaks\u0131n\u0131z. Yapt\u0131\u011f\u0131n\u0131z \u00f6demeler ile ilgili olarak bizi mutlaka bilgilendiriniz. A\u015fa\u011f\u0131daki\u00a0E-Tahsilat\u00a0g\u00f6rseline t\u0131klayarak ve ilgili bilgileri doldurarak kredi kart\u0131n\u0131zla g\u00fcvenli bir \u015fekilde \u00f6demenizi ger\u00e7ekle\u015ftirebilirsiniz.\u00a0Elektronik Tahsilat Sistemi,\u00a0T\u00fcrkiye Barolar Birli\u011fi\u00a0taraf\u0131ndan avukatlara \u00f6nerilen online \u00f6deme sistemidir.<\/p>\n","protected":false},"author":1,"featured_media":0,"parent":0,"menu_order":0,"comment_status":"closed","ping_status":"closed","template":"","meta":{"neve_meta_sidebar":"full-width","neve_meta_container":"","neve_meta_enable_content_width":"on","neve_meta_content_width":100,"neve_meta_title_alignment":"","neve_meta_author_avatar":"","neve_post_elements_order":"","neve_meta_disable_header":"","neve_meta_disable_footer":"","neve_meta_disable_title":"","_themeisle_gutenberg_block_has_review":false,"_ti_tpc_template_sync":false,"_ti_tpc_template_id":""},"_links":{"self":[{"href":"http:\/\/www.enginyilmaz.av.tr\/index.php\/wp-json\/wp\/v2\/pages\/242"}],"collection":[{"href":"http:\/\/www.enginyilmaz.av.tr\/index.php\/wp-json\/wp\/v2\/pages"}],"about":[{"href":"http:\/\/www.enginyilmaz.av.tr\/index.php\/wp-json\/wp\/v2\/types\/page"}],"author":[{"embeddable":true,"href":"http:\/\/www.enginyilmaz.av.tr\/index.php\/wp-json\/wp\/v2\/users\/1"}],"replies":[{"embeddable":true,"href":"http:\/\/www.enginyilmaz.av.tr\/index.php\/wp-json\/wp\/v2\/comments?post=242"}],"version-history":[{"count":11,"href":"http:\/\/www.enginyilmaz.av.tr\/index.php\/wp-json\/wp\/v2\/pages\/242\/revisions"}],"predecessor-version":[{"id":263,"href":"http:\/\/www.enginyilmaz.av.tr\/index.php\/wp-json\/wp\/v2\/pages\/242\/revisions\/263"}],"wp:attachment":[{"href":"http:\/\/www.enginyilmaz.av.tr\/index.php\/wp-json\/wp\/v2\/media?parent=242"}],"curies":[{"name":"wp","href":"https:\/\/api.w.org\/{rel}","templated":true}]}}